{"id":2,"date":"2019-07-24T14:30:33","date_gmt":"2019-07-24T12:30:33","guid":{"rendered":"http:\/\/100000v.fr\/?page_id=2"},"modified":"2024-12-09T15:07:38","modified_gmt":"2024-12-09T14:07:38","slug":"page-d-exemple","status":"publish","type":"page","link":"https:\/\/100000v.fr\/?page_id=2","title":{"rendered":"Le club"},"content":{"rendered":"\n<h2 class=\"has-vivid-cyan-blue-color has-text-color\">Bienvenue sur le site web de &#8220;100 000 volts&#8221;, votre salle de remise en forme, \u00e0 Arinthod !<\/h2>\n\n\n\n<p class=\"has-medium-font-size\"><\/p>\n\n\n\n<p class=\"has-normal-font-size\">Masseur kin\u00e9sith\u00e9rapeute dipl\u00f4m\u00e9, Pierre Giro vous propose un programme d&#8217;entrainement selon vos objectifs et vos capacit\u00e9s, dans une salle de musculation conviviale, avec des \u00e9quipements haut de gamme. Cours collectifs \u00e0 venir&#8230; <\/p>\n\n\n\n<p class=\"has-normal-font-size\"><\/p>\n\n\n\n<p><\/p>\n\n\n\n<h2>Horaires d&#8217;ouverture de la salle<\/h2>\n\n\n\n<p class=\"has-medium-font-size\">L\u2019acc\u00e8s \u00e0 la salle se fait par badge, de fa\u00e7on illimit\u00e9e et 365 jours par an de 7h \u00e0 22h30<\/p>\n\n\n\n<p>    <\/p>\n\n\n\n<p>   <\/p>\n\n\n\n<h2>R\u00e8glement int\u00e9rieur<\/h2>\n\n\n\n<div class=\"wp-block-file\"><a id=\"wp-block-file--media-cafe5e46-4044-4cb4-bfad-d57ae0e5db85\" href=\"http:\/\/100000v.fr\/wp-content\/uploads\/2019\/11\/RI-100000volts.pdf\">RI-100000volts<\/a><a href=\"http:\/\/100000v.fr\/wp-content\/uploads\/2019\/11\/RI-100000volts.pdf\" class=\"wp-block-file__button wp-element-button\" download aria-describedby=\"wp-block-file--media-cafe5e46-4044-4cb4-bfad-d57ae0e5db85\">T\u00e9l\u00e9charger<\/a><\/div>\n\n\n\n<h2> <\/h2>\n\n\n\n<h2>Se rendre au club &#8220;100 000 volts&#8221; <\/h2>\n\n\n\n<iframe loading=\"lazy\" src=\"https:\/\/www.google.com\/maps\/embed?pb=!1m18!1m12!1m3!1d2751.783875450949!2d5.567834515120734!3d46.393511478974375!2m3!1f0!2f0!3f0!3m2!1i1024!2i768!4f13.1!3m3!1m2!1s0x478cc76ef00a25db%3A0xd25d8c04ac6e4c26!2s2+Rue+de+Magnin%2C+39240+Arinthod!5e0!3m2!1sfr!2sfr!4v1565269978757!5m2!1sfr!2sfr\" width=\"600\" height=\"450\" frameborder=\"0\" style=\"border:0\" allowfullscreen=\"\"><\/iframe>\n","protected":false},"excerpt":{"rendered":"<p>Bienvenue sur le site web de &#8220;100 000 volts&#8221;, votre salle de remise en forme, \u00e0 Arinthod ! Masseur kin\u00e9sith\u00e9rapeute dipl\u00f4m\u00e9, Pierre Giro vous propose un programme d&#8217;entrainement selon vos objectifs et vos capacit\u00e9s, dans une salle de musculation conviviale, avec des \u00e9quipements haut de gamme. Cours collectifs \u00e0 venir&#8230; Horaires d&#8217;ouverture de la salle&hellip; <br \/> <a class=\"read-more\" href=\"https:\/\/100000v.fr\/?page_id=2\">Lire la suite<\/a><\/p>\n","protected":false},"author":1,"featured_media":52,"parent":0,"menu_order":0,"comment_status":"closed","ping_status":"open","template":"","meta":[],"_links":{"self":[{"href":"https:\/\/100000v.fr\/index.php?rest_route=\/wp\/v2\/pages\/2"}],"collection":[{"href":"https:\/\/100000v.fr\/index.php?rest_route=\/wp\/v2\/pages"}],"about":[{"href":"https:\/\/100000v.fr\/index.php?rest_route=\/wp\/v2\/types\/page"}],"author":[{"embeddable":true,"href":"https:\/\/100000v.fr\/index.php?rest_route=\/wp\/v2\/users\/1"}],"replies":[{"embeddable":true,"href":"https:\/\/100000v.fr\/index.php?rest_route=%2Fwp%2Fv2%2Fcomments&post=2"}],"version-history":[{"count":24,"href":"https:\/\/100000v.fr\/index.php?rest_route=\/wp\/v2\/pages\/2\/revisions"}],"predecessor-version":[{"id":519,"href":"https:\/\/100000v.fr\/index.php?rest_route=\/wp\/v2\/pages\/2\/revisions\/519"}],"wp:featuredmedia":[{"embeddable":true,"href":"https:\/\/100000v.fr\/index.php?rest_route=\/wp\/v2\/media\/52"}],"wp:attachment":[{"href":"https:\/\/100000v.fr\/index.php?rest_route=%2Fwp%2Fv2%2Fmedia&parent=2"}],"curies":[{"name":"wp","href":"https:\/\/api.w.org\/{rel}","templated":true}]}}